{"id":4912,"date":"2020-12-23T09:53:55","date_gmt":"2020-12-23T08:53:55","guid":{"rendered":"https:\/\/baudhost.be\/wordpress\/?page_id=4912"},"modified":"2020-12-23T10:02:21","modified_gmt":"2020-12-23T09:02:21","slug":"jj_18_troyes","status":"publish","type":"page","link":"https:\/\/baudhost.be\/wordpress\/2018-2\/juin-2018\/jj_18_troyes\/","title":{"rendered":"J&#038;J_18_Troyes"},"content":{"rendered":"\n<div class=\"wp-block-image\"><figure class=\"aligncenter size-medium\"><img loading=\"lazy\" decoding=\"async\" width=\"300\" height=\"225\" src=\"https:\/\/baudhost.be\/wordpress\/wp-content\/uploads\/2020\/01\/JJ-300x225.jpg\" alt=\"\" class=\"wp-image-51\" srcset=\"https:\/\/baudhost.be\/wordpress\/wp-content\/uploads\/2020\/01\/JJ-300x225.jpg 300w, https:\/\/baudhost.be\/wordpress\/wp-content\/uploads\/2020\/01\/JJ.jpg 414w\" sizes=\"auto, (max-width: 300px) 100vw, 300px\" \/><\/figure><\/div>\n\n\n\n<div class=\"wp-block-columns is-layout-flex wp-container-core-columns-is-layout-9d6595d7 wp-block-columns-is-layout-flex\">\n<div class=\"wp-block-column is-layout-flow wp-block-column-is-layout-flow\" style=\"flex-basis:15%\">\n<div class=\"wp-block-image\"><figure class=\"aligncenter size-large\"><img loading=\"lazy\" decoding=\"async\" width=\"137\" height=\"86\" src=\"https:\/\/baudhost.be\/wordpress\/wp-content\/uploads\/2020\/01\/diaporama.jpg\" alt=\"\" class=\"wp-image-8\"\/><\/figure><\/div>\n<\/div>\n\n\n\n<div class=\"wp-block-column is-layout-flow wp-block-column-is-layout-flow\" style=\"flex-basis:85%\">\n<p class=\"has-text-align-center\"><strong>Diaporama <\/strong>des photos prises durant notre \u00e9tape \u00e0 <strong>Troyes <\/strong>sur la route pour rejoindre les RBW \u00e0 Amboise le 12 juin 2018<\/p>\n<\/div>\n<\/div>\n\n\n\n<div class=\"wp-block-flagallery-gallery flagallery-shortcode\"><div class=\"flagallery flaslider_skin\" id=\"FlaGallery_sc1_446\" ><script type=\"text\/javascript\">(function(){this['FlaGallery_sc1_446']={'settings':{\"sliderHeightRetio\":\"0.7\",\"sliderPreloaderColor\":\"#ffffff\",\"sliderBgColor\":\"rgba(165, 187, 157, 0.9)\",\"sliderHeaderFooterBgColor\":\"rgba(0, 0, 0, 0.4)\",\"sliderNavigationColor\":\"rgba(0,0,0,1)\",\"sliderNavigationIconColor\":\"rgba(255,255,255,1)\",\"sliderItemDescriptionBlock\":\"1\",\"sliderItemTitleFontSize\":\"18\",\"sliderItemTitleTextColor\":\"#ffffff\",\"sliderItemDescriptionFontSize\":\"14\",\"sliderItemDescriptionTextColor\":\"#969696\",\"sliderThumbBarEnable\":\"1\",\"sliderThumbBarHoverColor\":\"#ffffff\",\"sliderThumbSubMenuBackgroundColor\":\"rgba(0,0,0,1)\",\"sliderThumbSubMenuBackgroundColorOver\":\"rgba(255,255,255,1)\",\"sliderThumbSubMenuIconColor\":\"rgba(255,255,255,1)\",\"sliderThumbSubMenuIconHoverColor\":\"rgba(0,0,0,1)\",\"sliderPlayButton\":\"1\",\"sliderZoomButton\":\"1\",\"sliderFullScreen\":\"1\",\"sliderInfoEnable\":\"1\",\"sliderItemDownload\":\"1\",\"sliderSocialShareEnabled\":\"0\",\"sliderLikesEnabled\":\"0\",\"sliderSlideshowEneble\":\"0\",\"slideshowDelay\":\"8\",\"slideshowProgressBarColor\":\"rgba(255,255,255,1)\",\"slideshowProgressBarBGColor\":\"rgba(49,49,49,1)\",\"modaBgColor\":\"rgba(0,0,0,0.9)\",\"modalInfoBoxBgColor\":\"rgba(255,255,255,1)\",\"modalInfoBoxTitleTextColor\":\"#000000\",\"shareTitlePlaceHolder\":\"Share\",\"modalInfoBoxTextColor\":\"#333333\",\"infoBarExifEnable\":\"1\",\"infoBarCountersEnable\":\"1\",\"infoBarDateInfoEnable\":\"1\",\"customCSS\":\"\",\"key\":\"9fc7390f4f41450289e16b954c57b145\",\"name\":\"GRANDPackPlus\",\"galleryID\":\"sc1_446\",\"post_url\":\"https:\\\/\\\/baudhost.be\\\/wordpress\\\/wp-json\\\/wp\\\/v2\\\/pages\\\/4912\",\"module_url\":\"https:\\\/\\\/baudhost.be\\\/wordpress\\\/wp-content\\\/plugins\\\/flagallery-skins\\\/flaslider\\\/\"}, 'data':[{\"gallery\":{\"gid\":\"446\",\"name\":\"jj_18_troyes\",\"path\":\"https:\\\/\\\/baudhost.be\\\/wordpress\\\/wp-content\\\/flagallery\\\/jj_18_troyes\",\"title\":\"J&J_18_Troyes\",\"galdesc\":\"\"},\"data\":[{\"pid\":\"5430\",\"filename\":\"troyes_chenonceau_01.jpg\",\"description\":\"\",\"alttext\":\"sdr\",\"link\":null,\"imagedate\":\"2018-06-12 07:42:36\",\"hitcounter\":\"22\",\"total_value\":\"0\",\"total_votes\":\"0\",\"meta_data\":{\"aperture\":\"F 2.2\",\"credit\":false,\"camera\":\"VTR-L09\",\"caption\":false,\"created_timestamp\":\"12 juin 2018 7 h 42 min\",\"copyright\":false,\"focal_length\":\"3.95 mm\",\"iso\":50,\"shutter_speed\":\"1\\\/140 sec\",\"flash\":\"Not fired\",\"title\":\"sdr\",\"keywords\":false,\"width\":1916,\"height\":1080,\"saved\":true,\"thumbnail\":{\"width\":400,\"height\":225},\"webview\":{\"0\":1916,\"1\":1080,\"2\":2,\"3\":\"width=\\\"1916\\\" height=\\\"1080\\\"\",\"bits\":8,\"channels\":3,\"mime\":\"image\\\/jpeg\"}}},{\"pid\":\"5431\",\"filename\":\"troyes_chenonceau_02.jpg\",\"description\":\"\",\"alttext\":\"cof\",\"link\":null,\"imagedate\":\"2018-06-12 07:42:41\",\"hitcounter\":\"0\",\"total_value\":\"0\",\"total_votes\":\"0\",\"meta_data\":{\"aperture\":\"F 2.2\",\"credit\":false,\"camera\":\"VTR-L09\",\"caption\":false,\"created_timestamp\":\"12 juin 2018 7 h 42 min\",\"copyright\":false,\"focal_length\":\"3.95 mm\",\"iso\":50,\"shutter_speed\":\"1\\\/520 sec\",\"flash\":\"Not fired\",\"title\":\"cof\",\"keywords\":false,\"width\":1080,\"height\":1916,\"saved\":true,\"thumbnail\":{\"width\":225,\"height\":400},\"webview\":{\"0\":1080,\"1\":1916,\"2\":2,\"3\":\"width=\\\"1080\\\" height=\\\"1916\\\"\",\"bits\":8,\"channels\":3,\"mime\":\"image\\\/jpeg\"}}},{\"pid\":\"5432\",\"filename\":\"troyes_chenonceau_03.jpg\",\"description\":\"\",\"alttext\":\"cof\",\"link\":null,\"imagedate\":\"2018-06-12 13:45:19\",\"hitcounter\":\"0\",\"total_value\":\"0\",\"total_votes\":\"0\",\"meta_data\":{\"aperture\":\"F 2.2\",\"credit\":false,\"camera\":\"VTR-L09\",\"caption\":false,\"created_timestamp\":\"12 juin 2018 13 h 45 min\",\"copyright\":false,\"focal_length\":\"3.95 mm\",\"iso\":50,\"shutter_speed\":\"1\\\/1540 sec\",\"flash\":\"Not fired\",\"title\":\"cof\",\"keywords\":false,\"width\":1916,\"height\":1080,\"saved\":true,\"thumbnail\":{\"width\":400,\"height\":225},\"webview\":{\"0\":1916,\"1\":1080,\"2\":2,\"3\":\"width=\\\"1916\\\" height=\\\"1080\\\"\",\"bits\":8,\"channels\":3,\"mime\":\"image\\\/jpeg\"}}},{\"pid\":\"5433\",\"filename\":\"troyes_chenonceau_04.jpg\",\"description\":\"\",\"alttext\":\"cof\",\"link\":null,\"imagedate\":\"2018-06-12 13:45:24\",\"hitcounter\":\"0\",\"total_value\":\"0\",\"total_votes\":\"0\",\"meta_data\":{\"aperture\":\"F 2.2\",\"credit\":false,\"camera\":\"VTR-L09\",\"caption\":false,\"created_timestamp\":\"12 juin 2018 13 h 45 min\",\"copyright\":false,\"focal_length\":\"3.95 mm\",\"iso\":50,\"shutter_speed\":\"1\\\/1610 sec\",\"flash\":\"Not fired\",\"title\":\"cof\",\"keywords\":false,\"width\":1916,\"height\":1080,\"saved\":true,\"thumbnail\":{\"width\":400,\"height\":225},\"webview\":{\"0\":1916,\"1\":1080,\"2\":2,\"3\":\"width=\\\"1916\\\" height=\\\"1080\\\"\",\"bits\":8,\"channels\":3,\"mime\":\"image\\\/jpeg\"}}},{\"pid\":\"5434\",\"filename\":\"troyes_chenonceau_05.jpg\",\"description\":\"\",\"alttext\":\"cof\",\"link\":null,\"imagedate\":\"2018-06-12 13:48:55\",\"hitcounter\":\"0\",\"total_value\":\"0\",\"total_votes\":\"0\",\"meta_data\":{\"aperture\":\"F 2.2\",\"credit\":false,\"camera\":\"VTR-L09\",\"caption\":false,\"created_timestamp\":\"12 juin 2018 13 h 48 min\",\"copyright\":false,\"focal_length\":\"3.95 mm\",\"iso\":50,\"shutter_speed\":\"1\\\/1630 sec\",\"flash\":\"Not fired\",\"title\":\"cof\",\"keywords\":false,\"width\":1916,\"height\":1080,\"saved\":true,\"thumbnail\":{\"width\":400,\"height\":225},\"webview\":{\"0\":1916,\"1\":1080,\"2\":2,\"3\":\"width=\\\"1916\\\" height=\\\"1080\\\"\",\"bits\":8,\"channels\":3,\"mime\":\"image\\\/jpeg\"}}},{\"pid\":\"5435\",\"filename\":\"troyes_chenonceau_06.jpg\",\"description\":\"\",\"alttext\":\"sdr\",\"link\":null,\"imagedate\":\"2018-06-12 13:52:09\",\"hitcounter\":\"0\",\"total_value\":\"0\",\"total_votes\":\"0\",\"meta_data\":{\"aperture\":\"F 2.2\",\"credit\":false,\"camera\":\"VTR-L09\",\"caption\":false,\"created_timestamp\":\"12 juin 2018 13 h 52 min\",\"copyright\":false,\"focal_length\":\"3.95 mm\",\"iso\":50,\"shutter_speed\":\"1\\\/1640 sec\",\"flash\":\"Not fired\",\"title\":\"sdr\",\"keywords\":false,\"width\":1916,\"height\":1080,\"saved\":true,\"thumbnail\":{\"width\":400,\"height\":225},\"webview\":{\"0\":1916,\"1\":1080,\"2\":2,\"3\":\"width=\\\"1916\\\" height=\\\"1080\\\"\",\"bits\":8,\"channels\":3,\"mime\":\"image\\\/jpeg\"}}},{\"pid\":\"5436\",\"filename\":\"troyes_chenonceau_07.jpg\",\"description\":\"\",\"alttext\":\"sdr\",\"link\":null,\"imagedate\":\"2018-06-12 14:24:37\",\"hitcounter\":\"0\",\"total_value\":\"0\",\"total_votes\":\"0\",\"meta_data\":{\"aperture\":\"F 2.2\",\"credit\":false,\"camera\":\"VTR-L09\",\"caption\":false,\"created_timestamp\":\"12 juin 2018 14 h 24 min\",\"copyright\":false,\"focal_length\":\"3.95 mm\",\"iso\":50,\"shutter_speed\":\"1\\\/1290 sec\",\"flash\":\"Not fired\",\"title\":\"sdr\",\"keywords\":false,\"width\":1916,\"height\":1080,\"saved\":true,\"thumbnail\":{\"width\":400,\"height\":225},\"webview\":{\"0\":1916,\"1\":1080,\"2\":2,\"3\":\"width=\\\"1916\\\" height=\\\"1080\\\"\",\"bits\":8,\"channels\":3,\"mime\":\"image\\\/jpeg\"}}},{\"pid\":\"5437\",\"filename\":\"troyes_chenonceau_08.jpg\",\"description\":\"\",\"alttext\":\"sdr\",\"link\":null,\"imagedate\":\"2018-06-12 14:24:43\",\"hitcounter\":\"0\",\"total_value\":\"0\",\"total_votes\":\"0\",\"meta_data\":{\"aperture\":\"F 2.2\",\"credit\":false,\"camera\":\"VTR-L09\",\"caption\":false,\"created_timestamp\":\"12 juin 2018 14 h 24 min\",\"copyright\":false,\"focal_length\":\"3.95 mm\",\"iso\":50,\"shutter_speed\":\"1\\\/1690 sec\",\"flash\":\"Not fired\",\"title\":\"sdr\",\"keywords\":false,\"width\":1916,\"height\":1080,\"saved\":true,\"thumbnail\":{\"width\":400,\"height\":225},\"webview\":{\"0\":1916,\"1\":1080,\"2\":2,\"3\":\"width=\\\"1916\\\" height=\\\"1080\\\"\",\"bits\":8,\"channels\":3,\"mime\":\"image\\\/jpeg\"}}},{\"pid\":\"5438\",\"filename\":\"troyes_chenonceau_09.jpg\",\"description\":\"\",\"alttext\":\"sdr\",\"link\":null,\"imagedate\":\"2018-06-12 14:26:30\",\"hitcounter\":\"0\",\"total_value\":\"0\",\"total_votes\":\"0\",\"meta_data\":{\"aperture\":\"F 2.2\",\"credit\":false,\"camera\":\"VTR-L09\",\"caption\":false,\"created_timestamp\":\"12 juin 2018 14 h 26 min\",\"copyright\":false,\"focal_length\":\"3.95 mm\",\"iso\":50,\"shutter_speed\":\"1\\\/850 sec\",\"flash\":\"Not fired\",\"title\":\"sdr\",\"keywords\":false,\"width\":1916,\"height\":1080,\"saved\":true,\"thumbnail\":{\"width\":400,\"height\":225},\"webview\":{\"0\":1916,\"1\":1080,\"2\":2,\"3\":\"width=\\\"1916\\\" height=\\\"1080\\\"\",\"bits\":8,\"channels\":3,\"mime\":\"image\\\/jpeg\"}}},{\"pid\":\"5439\",\"filename\":\"troyes_chenonceau_10.jpg\",\"description\":\"\",\"alttext\":\"sdr\",\"link\":null,\"imagedate\":\"2018-06-12 14:26:39\",\"hitcounter\":\"0\",\"total_value\":\"0\",\"total_votes\":\"0\",\"meta_data\":{\"aperture\":\"F 2.2\",\"credit\":false,\"camera\":\"VTR-L09\",\"caption\":false,\"created_timestamp\":\"12 juin 2018 14 h 26 min\",\"copyright\":false,\"focal_length\":\"3.95 mm\",\"iso\":50,\"shutter_speed\":\"1\\\/1050 sec\",\"flash\":\"Not fired\",\"title\":\"sdr\",\"keywords\":false,\"width\":1916,\"height\":1080,\"saved\":true,\"thumbnail\":{\"width\":400,\"height\":225},\"webview\":{\"0\":1916,\"1\":1080,\"2\":2,\"3\":\"width=\\\"1916\\\" height=\\\"1080\\\"\",\"bits\":8,\"channels\":3,\"mime\":\"image\\\/jpeg\"}}},{\"pid\":\"5440\",\"filename\":\"troyes_chenonceau_11.jpg\",\"description\":\"\",\"alttext\":\"cof\",\"link\":null,\"imagedate\":\"2018-06-12 15:21:05\",\"hitcounter\":\"0\",\"total_value\":\"0\",\"total_votes\":\"0\",\"meta_data\":{\"aperture\":\"F 2.2\",\"credit\":false,\"camera\":\"VTR-L09\",\"caption\":false,\"created_timestamp\":\"12 juin 2018 15 h 21 min\",\"copyright\":false,\"focal_length\":\"3.95 mm\",\"iso\":160,\"shutter_speed\":\"1\\\/50 sec\",\"flash\":\"Not fired\",\"title\":\"cof\",\"keywords\":false,\"width\":1080,\"height\":1916,\"saved\":true,\"thumbnail\":{\"width\":225,\"height\":400},\"webview\":{\"0\":1080,\"1\":1916,\"2\":2,\"3\":\"width=\\\"1080\\\" height=\\\"1916\\\"\",\"bits\":8,\"channels\":3,\"mime\":\"image\\\/jpeg\"}}},{\"pid\":\"5441\",\"filename\":\"troyes_chenonceau_12.jpg\",\"description\":\"\",\"alttext\":\"cof\",\"link\":null,\"imagedate\":\"2018-06-12 15:21:13\",\"hitcounter\":\"0\",\"total_value\":\"0\",\"total_votes\":\"0\",\"meta_data\":{\"aperture\":\"F 2.2\",\"credit\":false,\"camera\":\"VTR-L09\",\"caption\":false,\"created_timestamp\":\"12 juin 2018 15 h 21 min\",\"copyright\":false,\"focal_length\":\"3.95 mm\",\"iso\":100,\"shutter_speed\":\"1\\\/50 sec\",\"flash\":\"Not fired\",\"title\":\"cof\",\"keywords\":false,\"width\":1080,\"height\":1916,\"saved\":true,\"thumbnail\":{\"width\":225,\"height\":400},\"webview\":{\"0\":1080,\"1\":1916,\"2\":2,\"3\":\"width=\\\"1080\\\" height=\\\"1916\\\"\",\"bits\":8,\"channels\":3,\"mime\":\"image\\\/jpeg\"}}},{\"pid\":\"5442\",\"filename\":\"troyes_chenonceau_13.jpg\",\"description\":\"\",\"alttext\":\"cof\",\"link\":null,\"imagedate\":\"2018-06-12 15:21:21\",\"hitcounter\":\"0\",\"total_value\":\"0\",\"total_votes\":\"0\",\"meta_data\":{\"aperture\":\"F 2.2\",\"credit\":false,\"camera\":\"VTR-L09\",\"caption\":false,\"created_timestamp\":\"12 juin 2018 15 h 21 min\",\"copyright\":false,\"focal_length\":\"3.95 mm\",\"iso\":80,\"shutter_speed\":\"1\\\/50 sec\",\"flash\":\"Not fired\",\"title\":\"cof\",\"keywords\":false,\"width\":1080,\"height\":1916,\"saved\":true,\"thumbnail\":{\"width\":225,\"height\":400},\"webview\":{\"0\":1080,\"1\":1916,\"2\":2,\"3\":\"width=\\\"1080\\\" height=\\\"1916\\\"\",\"bits\":8,\"channels\":3,\"mime\":\"image\\\/jpeg\"}}},{\"pid\":\"5443\",\"filename\":\"troyes_chenonceau_14.jpg\",\"description\":\"\",\"alttext\":\"cof\",\"link\":null,\"imagedate\":\"2018-06-12 15:25:12\",\"hitcounter\":\"0\",\"total_value\":\"0\",\"total_votes\":\"0\",\"meta_data\":{\"aperture\":\"F 2.2\",\"credit\":false,\"camera\":\"VTR-L09\",\"caption\":false,\"created_timestamp\":\"12 juin 2018 15 h 25 min\",\"copyright\":false,\"focal_length\":\"3.95 mm\",\"iso\":500,\"shutter_speed\":\"1\\\/20 sec\",\"flash\":\"Not fired\",\"title\":\"cof\",\"keywords\":false,\"width\":1916,\"height\":1080,\"saved\":true,\"thumbnail\":{\"width\":400,\"height\":225},\"webview\":{\"0\":1916,\"1\":1080,\"2\":2,\"3\":\"width=\\\"1916\\\" height=\\\"1080\\\"\",\"bits\":8,\"channels\":3,\"mime\":\"image\\\/jpeg\"}}},{\"pid\":\"5444\",\"filename\":\"troyes_chenonceau_15.jpg\",\"description\":\"\",\"alttext\":\"oznor\",\"link\":null,\"imagedate\":\"2018-06-12 15:40:11\",\"hitcounter\":\"0\",\"total_value\":\"0\",\"total_votes\":\"0\",\"meta_data\":{\"aperture\":\"F 2.2\",\"credit\":false,\"camera\":\"VTR-L09\",\"caption\":false,\"created_timestamp\":\"12 juin 2018 15 h 40 min\",\"copyright\":false,\"focal_length\":\"3.95 mm\",\"iso\":50,\"shutter_speed\":\"1\\\/200 sec\",\"flash\":false,\"title\":\"oznor\",\"keywords\":false,\"width\":1916,\"height\":1080,\"saved\":true,\"thumbnail\":{\"width\":400,\"height\":225},\"webview\":{\"0\":1916,\"1\":1080,\"2\":2,\"3\":\"width=\\\"1916\\\" height=\\\"1080\\\"\",\"bits\":8,\"channels\":3,\"mime\":\"image\\\/jpeg\"}}}]}], };})();<\/script><\/div><noscript id=\"noscript_FlaGallery_sc1_446\"><img class=\"skip-lazy no-lazyload noLazy\" data-lazy-src=\"\" src =\"https:\/\/baudhost.be\/wordpress\/wp-content\/flagallery\/jj_18_troyes\/troyes_chenonceau_01.jpg\" alt=\"sdr\" \/><img class=\"skip-lazy no-lazyload noLazy\" data-lazy-src=\"\" src =\"https:\/\/baudhost.be\/wordpress\/wp-content\/flagallery\/jj_18_troyes\/troyes_chenonceau_02.jpg\" alt=\"cof\" \/><img class=\"skip-lazy no-lazyload noLazy\" data-lazy-src=\"\" src =\"https:\/\/baudhost.be\/wordpress\/wp-content\/flagallery\/jj_18_troyes\/troyes_chenonceau_03.jpg\" alt=\"cof\" \/><img class=\"skip-lazy no-lazyload noLazy\" data-lazy-src=\"\" src =\"https:\/\/baudhost.be\/wordpress\/wp-content\/flagallery\/jj_18_troyes\/troyes_chenonceau_04.jpg\" alt=\"cof\" \/><img class=\"skip-lazy no-lazyload noLazy\" data-lazy-src=\"\" src =\"https:\/\/baudhost.be\/wordpress\/wp-content\/flagallery\/jj_18_troyes\/troyes_chenonceau_05.jpg\" alt=\"cof\" \/><img class=\"skip-lazy no-lazyload noLazy\" data-lazy-src=\"\" src =\"https:\/\/baudhost.be\/wordpress\/wp-content\/flagallery\/jj_18_troyes\/troyes_chenonceau_06.jpg\" alt=\"sdr\" \/><img class=\"skip-lazy no-lazyload noLazy\" data-lazy-src=\"\" src =\"https:\/\/baudhost.be\/wordpress\/wp-content\/flagallery\/jj_18_troyes\/troyes_chenonceau_07.jpg\" alt=\"sdr\" \/><img class=\"skip-lazy no-lazyload noLazy\" data-lazy-src=\"\" src =\"https:\/\/baudhost.be\/wordpress\/wp-content\/flagallery\/jj_18_troyes\/troyes_chenonceau_08.jpg\" alt=\"sdr\" \/><img class=\"skip-lazy no-lazyload noLazy\" data-lazy-src=\"\" src =\"https:\/\/baudhost.be\/wordpress\/wp-content\/flagallery\/jj_18_troyes\/troyes_chenonceau_09.jpg\" alt=\"sdr\" \/><img class=\"skip-lazy no-lazyload noLazy\" data-lazy-src=\"\" src =\"https:\/\/baudhost.be\/wordpress\/wp-content\/flagallery\/jj_18_troyes\/troyes_chenonceau_10.jpg\" alt=\"sdr\" \/><img class=\"skip-lazy no-lazyload noLazy\" data-lazy-src=\"\" src =\"https:\/\/baudhost.be\/wordpress\/wp-content\/flagallery\/jj_18_troyes\/troyes_chenonceau_11.jpg\" alt=\"cof\" \/><img class=\"skip-lazy no-lazyload noLazy\" data-lazy-src=\"\" src =\"https:\/\/baudhost.be\/wordpress\/wp-content\/flagallery\/jj_18_troyes\/troyes_chenonceau_12.jpg\" alt=\"cof\" \/><img class=\"skip-lazy no-lazyload noLazy\" data-lazy-src=\"\" src =\"https:\/\/baudhost.be\/wordpress\/wp-content\/flagallery\/jj_18_troyes\/troyes_chenonceau_13.jpg\" alt=\"cof\" \/><img class=\"skip-lazy no-lazyload noLazy\" data-lazy-src=\"\" src =\"https:\/\/baudhost.be\/wordpress\/wp-content\/flagallery\/jj_18_troyes\/troyes_chenonceau_14.jpg\" alt=\"cof\" \/><img class=\"skip-lazy no-lazyload noLazy\" data-lazy-src=\"\" src =\"https:\/\/baudhost.be\/wordpress\/wp-content\/flagallery\/jj_18_troyes\/troyes_chenonceau_15.jpg\" alt=\"oznor\" \/><\/noscript><\/div>\n\n\n\n<hr class=\"wp-block-separator\"\/>\n\n\n\n<h2 class=\"wp-block-heading\"><strong>Description du s\u00e9jour<\/strong><\/h2>\n\n\n\n<p>\u00c9tape sur le chemin vers Amboise pour rejoindre les RBW.<\/p>\n\n\n\n<p>Troyes et sa cath\u00e9drale. Ensuite visite du ch\u00e2teau de Chenonceau, \u00e0 Chenonceaux, sur le Cher.<\/p>\n\n\n\n<hr class=\"wp-block-separator\"\/>\n","protected":false},"excerpt":{"rendered":"<p>Diaporama des photos prises durant notre \u00e9tape \u00e0 Troyes sur la route pour rejoindre les RBW \u00e0 Amboise le 12 juin 2018 Description du s\u00e9jour \u00c9tape sur le chemin vers Amboise pour rejoindre les RBW. Troyes et sa cath\u00e9drale. Ensuite visite du ch\u00e2teau de Chenonceau, \u00e0 Chenonceaux, sur le Cher.<\/p>\n","protected":false},"author":1,"featured_media":0,"parent":4617,"menu_order":0,"comment_status":"closed","ping_status":"closed","template":"","meta":{"footnotes":""},"class_list":["post-4912","page","type-page","status-publish","hentry"],"_links":{"self":[{"href":"https:\/\/baudhost.be\/wordpress\/wp-json\/wp\/v2\/pages\/4912","targetHints":{"allow":["GET"]}}],"collection":[{"href":"https:\/\/baudhost.be\/wordpress\/wp-json\/wp\/v2\/pages"}],"about":[{"href":"https:\/\/baudhost.be\/wordpress\/wp-json\/wp\/v2\/types\/page"}],"author":[{"embeddable":true,"href":"https:\/\/baudhost.be\/wordpress\/wp-json\/wp\/v2\/users\/1"}],"replies":[{"embeddable":true,"href":"https:\/\/baudhost.be\/wordpress\/wp-json\/wp\/v2\/comments?post=4912"}],"version-history":[{"count":4,"href":"https:\/\/baudhost.be\/wordpress\/wp-json\/wp\/v2\/pages\/4912\/revisions"}],"predecessor-version":[{"id":4916,"href":"https:\/\/baudhost.be\/wordpress\/wp-json\/wp\/v2\/pages\/4912\/revisions\/4916"}],"up":[{"embeddable":true,"href":"https:\/\/baudhost.be\/wordpress\/wp-json\/wp\/v2\/pages\/4617"}],"wp:attachment":[{"href":"https:\/\/baudhost.be\/wordpress\/wp-json\/wp\/v2\/media?parent=4912"}],"curies":[{"name":"wp","href":"https:\/\/api.w.org\/{rel}","templated":true}]}}