{"id":416,"date":"2020-01-16T10:28:07","date_gmt":"2020-01-16T09:28:07","guid":{"rendered":"https:\/\/baudhost.be\/wordpress\/?page_id=416"},"modified":"2020-02-16T10:11:39","modified_gmt":"2020-02-16T09:11:39","slug":"messages","status":"publish","type":"page","link":"https:\/\/baudhost.be\/wordpress\/messages\/","title":{"rendered":"Messages"},"content":{"rendered":"\n<div class=\"wp-block-columns is-layout-flex wp-container-core-columns-is-layout-9d6595d7 wp-block-columns-is-layout-flex\">\n<div class=\"wp-block-column is-layout-flow wp-block-column-is-layout-flow\" style=\"flex-basis:25%\">\n<figure class=\"wp-block-image size-large\"><img loading=\"lazy\" decoding=\"async\" width=\"141\" height=\"112\" src=\"https:\/\/baudhost.be\/wordpress\/wp-content\/uploads\/2020\/01\/detail_rando_intro.jpg\" alt=\"\" class=\"wp-image-53\"\/><\/figure>\n<\/div>\n\n\n\n<div class=\"wp-block-column is-layout-flow wp-block-column-is-layout-flow\" style=\"flex-basis:50%\">\n<p class=\"has-text-align-center\">Vous trouverez sous cet onglet <strong>Messages ,<\/strong> \u00e0 propos de changement de derni\u00e8res minutes, relatifs \u00e0 diff\u00e9rents clubs<\/p>\n\n\n\n<p class=\"has-text-align-center\">Veuillez noter que ces messages sont <strong>uniquement des confirmations<\/strong>, souvent en derni\u00e8res minutes, de courriels d&rsquo;annonces des diff\u00e9rents clubs. Ils ne remplacent en rien les canaux d&rsquo;annonces plus officiels des clubs.<\/p>\n<\/div>\n\n\n\n<div class=\"wp-block-column is-layout-flow wp-block-column-is-layout-flow\" style=\"flex-basis:25%\">\n<figure class=\"wp-block-image size-large\"><img loading=\"lazy\" decoding=\"async\" width=\"141\" height=\"112\" src=\"https:\/\/baudhost.be\/wordpress\/wp-content\/uploads\/2020\/01\/detail_rando_exit.jpg\" alt=\"\" class=\"wp-image-52\"\/><\/figure>\n<\/div>\n<\/div>\n\n\n\n<div class=\"wp-block-image\"><figure class=\"aligncenter size-medium\"><img decoding=\"async\" src=\"https:\/\/baudhost.be\/wordpress\/wp-content\/uploads\/2020\/01\/repos_rando-300x203.jpg\" alt=\"\" class=\"wp-image-44\"\/><\/figure><\/div>\n\n\n\n<p><\/p>\n","protected":false},"excerpt":{"rendered":"<p>Vous trouverez sous cet onglet Messages , \u00e0 propos de changement de derni\u00e8res minutes, relatifs \u00e0 diff\u00e9rents clubs Veuillez noter que ces messages sont uniquement des confirmations, souvent en derni\u00e8res minutes, de courriels d&rsquo;annonces des diff\u00e9rents clubs. Ils ne remplacent en rien les canaux d&rsquo;annonces plus officiels des clubs.<\/p>\n","protected":false},"author":1,"featured_media":0,"parent":0,"menu_order":0,"comment_status":"closed","ping_status":"closed","template":"","meta":{"footnotes":""},"class_list":["post-416","page","type-page","status-publish","hentry"],"_links":{"self":[{"href":"https:\/\/baudhost.be\/wordpress\/wp-json\/wp\/v2\/pages\/416","targetHints":{"allow":["GET"]}}],"collection":[{"href":"https:\/\/baudhost.be\/wordpress\/wp-json\/wp\/v2\/pages"}],"about":[{"href":"https:\/\/baudhost.be\/wordpress\/wp-json\/wp\/v2\/types\/page"}],"author":[{"embeddable":true,"href":"https:\/\/baudhost.be\/wordpress\/wp-json\/wp\/v2\/users\/1"}],"replies":[{"embeddable":true,"href":"https:\/\/baudhost.be\/wordpress\/wp-json\/wp\/v2\/comments?post=416"}],"version-history":[{"count":7,"href":"https:\/\/baudhost.be\/wordpress\/wp-json\/wp\/v2\/pages\/416\/revisions"}],"predecessor-version":[{"id":2133,"href":"https:\/\/baudhost.be\/wordpress\/wp-json\/wp\/v2\/pages\/416\/revisions\/2133"}],"wp:attachment":[{"href":"https:\/\/baudhost.be\/wordpress\/wp-json\/wp\/v2\/media?parent=416"}],"curies":[{"name":"wp","href":"https:\/\/api.w.org\/{rel}","templated":true}]}}