{"id":2117,"date":"2020-02-15T16:24:12","date_gmt":"2020-02-15T15:24:12","guid":{"rendered":"https:\/\/baudhost.be\/wordpress\/?page_id=2117"},"modified":"2022-08-22T18:39:03","modified_gmt":"2022-08-22T16:39:03","slug":"pour-randonneurs-du-brabant-wavre","status":"publish","type":"page","link":"https:\/\/baudhost.be\/wordpress\/messages\/pour-randonneurs-du-brabant-wavre\/","title":{"rendered":"pour Randonneurs du Brabant Wavre"},"content":{"rendered":"\n<div class=\"wp-block-columns is-layout-flex wp-container-core-columns-is-layout-9d6595d7 wp-block-columns-is-layout-flex\">\n<div class=\"wp-block-column is-layout-flow wp-block-column-is-layout-flow\" style=\"flex-basis:25%\"><div class=\"wp-block-image\">\n<figure class=\"aligncenter size-large\"><img loading=\"lazy\" decoding=\"async\" width=\"50\" height=\"75\" src=\"https:\/\/baudhost.be\/wordpress\/wp-content\/uploads\/2020\/01\/logo_jean.jpg\" alt=\"\" class=\"wp-image-145\"\/><\/figure>\n<\/div><\/div>\n\n\n\n<div class=\"wp-block-column is-vertically-aligned-center is-layout-flow wp-block-column-is-layout-flow\" style=\"flex-basis:50%\">\n<p class=\"has-text-align-center\"><strong>Message du jour<\/strong><\/p>\n\n\n\n<p class=\"has-text-align-center\"><strong>R<\/strong>andonneurs du <strong>B<\/strong>rabant <strong>W<\/strong>avre<\/p>\n<\/div>\n\n\n\n<div class=\"wp-block-column is-layout-flow wp-block-column-is-layout-flow\" style=\"flex-basis:25%\"><div class=\"wp-block-image\">\n<figure class=\"aligncenter size-large\"><img loading=\"lazy\" decoding=\"async\" width=\"50\" height=\"75\" src=\"https:\/\/baudhost.be\/wordpress\/wp-content\/uploads\/2020\/01\/logo_jean_2.jpg\" alt=\"\" class=\"wp-image-146\"\/><\/figure>\n<\/div><\/div>\n<\/div>\n\n\n\n<hr class=\"wp-block-separator has-css-opacity\"\/>\n\n\n\n<p class=\"has-text-align-center\"><strong>Message d&rsquo;annulation de la marche du jour<\/strong><\/p>\n\n\n<div class=\"wp-block-image\">\n<figure class=\"aligncenter size-large is-resized\"><img loading=\"lazy\" decoding=\"async\" src=\"https:\/\/baudhost.be\/wordpress\/wp-content\/uploads\/2020\/02\/message_rbw.jpg\" alt=\"\" class=\"wp-image-2119\" width=\"302\" height=\"227\" srcset=\"https:\/\/baudhost.be\/wordpress\/wp-content\/uploads\/2020\/02\/message_rbw.jpg 402w, https:\/\/baudhost.be\/wordpress\/wp-content\/uploads\/2020\/02\/message_rbw-300x225.jpg 300w\" sizes=\"auto, (max-width: 302px) 100vw, 302px\" \/><\/figure>\n<\/div>\n\n\n<p class=\"has-text-align-center\">Mise \u00e0 jour du 22 ao\u00fbt<strong> <\/strong>2022 \u00e0 18h35<\/p>\n\n\n\n<p class=\"has-text-align-center\"><strong>Suite \u00e0 la canicule pr\u00e9vue ce mercredi<\/strong><\/p>\n\n\n\n<p class=\"has-text-align-center\">     votre guide Chantal gsm: 0479\/20 35 36<br> <\/p>\n\n\n\n<p class=\"has-text-align-center\">\n    vous communique que la\n<\/p>\n\n\n\n<p class=\"has-text-align-center\">     Marche des Randonneurs du Brabant Wavre<\/p>\n\n\n\n<p class=\"has-text-align-center\">dans le cadre de Visit Wavre<br> <\/p>\n\n\n\n<p class=\"has-text-align-center\">     pr\u00e9vue \u00e0 La Hulpe, ce mercredi 24 ao\u00fbt 2022 est <\/p>\n\n\n<div class=\"wp-block-image\">\n<figure class=\"aligncenter size-large\"><img loading=\"lazy\" decoding=\"async\" width=\"316\" height=\"173\" src=\"https:\/\/baudhost.be\/wordpress\/wp-content\/uploads\/2020\/01\/annul\u00c3\u00a9e_2.jpg\" alt=\"\" class=\"wp-image-437\" srcset=\"https:\/\/baudhost.be\/wordpress\/wp-content\/uploads\/2020\/01\/annul\u00c3\u00a9e_2.jpg 316w, https:\/\/baudhost.be\/wordpress\/wp-content\/uploads\/2020\/01\/annul\u00c3\u00a9e_2-300x164.jpg 300w\" sizes=\"auto, (max-width: 316px) 100vw, 316px\" \/><\/figure>\n<\/div>\n\n\n<hr class=\"wp-block-separator has-css-opacity\"\/>\n\n\n\n<p class=\"has-text-align-center\"> D\u00e9sol\u00e9 pour les d\u00e9sagr\u00e9ments \u00e9ventuels et au plaisir de vous revoir tr\u00e8s prochainement <\/p>\n\n\n\n<p><\/p>\n","protected":false},"excerpt":{"rendered":"<p>Message du jour Randonneurs du Brabant Wavre Message d&rsquo;annulation de la marche du jour Mise \u00e0 jour du 22 ao\u00fbt 2022 \u00e0 18h35 Suite \u00e0 la canicule pr\u00e9vue ce mercredi votre guide Chantal gsm: 0479\/20 35 36 vous communique que la Marche des Randonneurs du Brabant Wavre dans le cadre de Visit Wavre pr\u00e9vue \u00e0 &hellip; <\/p>\n<p class=\"link-more\"><a href=\"https:\/\/baudhost.be\/wordpress\/messages\/pour-randonneurs-du-brabant-wavre\/\" class=\"more-link\">Continuer la lecture<span class=\"screen-reader-text\"> de &laquo;&nbsp;pour Randonneurs du Brabant Wavre&nbsp;&raquo;<\/span><\/a><\/p>\n","protected":false},"author":1,"featured_media":0,"parent":416,"menu_order":0,"comment_status":"closed","ping_status":"closed","template":"","meta":{"footnotes":""},"class_list":["post-2117","page","type-page","status-publish","hentry"],"_links":{"self":[{"href":"https:\/\/baudhost.be\/wordpress\/wp-json\/wp\/v2\/pages\/2117","targetHints":{"allow":["GET"]}}],"collection":[{"href":"https:\/\/baudhost.be\/wordpress\/wp-json\/wp\/v2\/pages"}],"about":[{"href":"https:\/\/baudhost.be\/wordpress\/wp-json\/wp\/v2\/types\/page"}],"author":[{"embeddable":true,"href":"https:\/\/baudhost.be\/wordpress\/wp-json\/wp\/v2\/users\/1"}],"replies":[{"embeddable":true,"href":"https:\/\/baudhost.be\/wordpress\/wp-json\/wp\/v2\/comments?post=2117"}],"version-history":[{"count":25,"href":"https:\/\/baudhost.be\/wordpress\/wp-json\/wp\/v2\/pages\/2117\/revisions"}],"predecessor-version":[{"id":8751,"href":"https:\/\/baudhost.be\/wordpress\/wp-json\/wp\/v2\/pages\/2117\/revisions\/8751"}],"up":[{"embeddable":true,"href":"https:\/\/baudhost.be\/wordpress\/wp-json\/wp\/v2\/pages\/416"}],"wp:attachment":[{"href":"https:\/\/baudhost.be\/wordpress\/wp-json\/wp\/v2\/media?parent=2117"}],"curies":[{"name":"wp","href":"https:\/\/api.w.org\/{rel}","templated":true}]}}